2 + 17*i + 420. What is the thousands digit of w(35)?
9
Suppose 4*t + 5*r = -0*r + 8359, -4184 = -2*t + 2*r. Suppose -178 = l + 5*y - 1234, 3*y - t = -2*l. What is the units digit of l?
1
Let a(d) be the third derivative of d**6/120 + 13*d**5/60 - d**4/12 - d**3 - 12*d**2. Let u be a(-9). Suppose 7*c - u = -c. What is the tens digit of c?
4
Let r = -1552 - -3257. Suppose 310*i - 305*i - r = 0. What is the tens digit of i?
4
Let h be 24/(-1 - -2)*(-2)/3. Let k(g) = g**2 + 13*g + 96. What is the tens digit of k(h)?
4
Let j = 5060 + -4. What is the hundreds digit of j?
0
Let q = -31004 + 43941. What is the hundreds digit of q?
9
Let f(j) = j**2 + 3*j + 8. Let t be f(0). Suppose 0 = -2*b + t + 60. Suppose -69 = -w - 5*z, -3*w + 4*w - b = 2*z. What is the tens digit of w?
4
Suppose -3*l - t + 2359 = 0, 0 = -l - 5*t + 1217 - 412. What is the tens digit of l?
8
What is the ten thousands digit of (1595/(-88) - -18) + 106673/8?
1
Suppose -669 + 1812 = 3*l + 3*g, -10 = -2*g. Let v be 20/(-8)*l/(-10)*7. Suppose 97 - v = -3*o - 4*u, -2*u = -2*o + 360. What is the tens digit of o?
8
Suppose 286416 + 390551 + 180193 = 45*r. What is the thousands digit of r?
9
Let f = -36 - -50. Suppose 6*u = f + 4. Suppose u*c = -5*c + 648. What is the tens digit of c?
8
Suppose 3*b - 5*u - 6722 = 0, 11*u + 2 = 9*u. What is the tens digit of b?
3
Let j be 1268/6 + 160/96. Suppose 8*l = 3*g + 11*l - 663, g + 5*l - j = 0. What is the hundreds digit of g?
2
Let d(w) = w**3 - 5*w**2 - 5*w - 2. Let y be d(6). What is the tens digit of 4*(-186)/(-48)*(0 + y)?
6
Let f(u) = u**3 - 5*u**2 - 7*u - 36. Let p be f(13). Suppose -5*k + 2405 = 2*x, 31*k = -x + 33*k + p. What is the units digit of x?
5
Let v = -8969 + 28132. What is the thousands digit of v?
9
What is the hundreds digit of 19411500/2500 + (1 - 1 - 2/(-5))?
7
Suppose -8*h - 2*m = -472794, 0 = 3*h + 2*m - 46149 - 131140. What is the tens digit of h?
0
Let a be (-2)/(-4) - (-7)/((-70)/(-3025)). Suppose -5*d + 1633 = a. Suppose 10*j + d = 776. What is the tens digit of j?
5
Suppose f = 5*f + 3*l + 677, -2*f - 336 = 2*l. Let s = f + 464. What is the hundreds digit of s?
2
Let n be (26/(-39))/((-1)/12). Suppose 0 = -n*j - 3*j + 55. What is the units digit of (-5)/(-2)*(-13)/j*-14?
1
Suppose -239736 = -8*o + 4*o. Suppose 6*s = -36*s + o. What is the hundreds digit of s?
4
Let k = 104461 - 74582. What is the hundreds digit of k?
8
Suppose 9*w = -2 + 2. Suppose -5*a - 30 + 15 = w. What is the units digit of (-40)/(-10) - (1 + 11)/a?
8
Let g(i) = 3545*i**2 - 9*i + 11. What is the units digit of g(1)?
7
Suppose 57*y - 62238 = -4*j + 59*y, -j - 3*y = -15570. What is the thousands digit of j?
5
Suppose -243*w - 401765 = -278*w. What is the tens digit of w?
7
Let c be 1 - 0 - (17 + -12). Let m be 4 + -7 + 22 + c. What is the units digit of 3/m + (-68)/(-10)?
7
Suppose -1588 = -2*l - 3*g - g, -2*l = 3*g - 1590. What is the tens digit of l?
9
Let a(n) = -19*n**3 - 11*n**2 - 7*n - 6. Let x be a(-5). Suppose -x = -4*d + 2191. What is the tens digit of d?
8
Suppose 3*n = -4*j + 61069, -313*j + 318*j = -4*n + 81425. What is the hundreds digit of n?
3
Suppose -9*y + 21 = -2*y. Suppose 3*u = -y*u. Suppose -4*i - 3*i + 938 = u. What is the tens digit of i?
3
Suppose 0 = -2*s + 6*s + 4*k + 4, 0 = 4*k - 4. Let n(p) = -2*p**3 + 3*p + 2. Let v be n(s). Let g(r) = 2*r**2 - 23*r - 8. What is the units digit of g(v)?
4
Suppose 4*q - 9*n - 11715 = 2034, 2*q + 3*n = 6927. What is the hundreds digit of q?
4
Suppose -w - 19*w + 840 = 0. What is the hundreds digit of 645 + 0 - w/7?
6
Let g = -109 + 43. Let p = -62 - g. What is the units digit of (-6)/(-8) - (-577)/p?
5
Suppose 30*d = 27*d + 33. Let b be ((-27)/18)/((-3)/32*2). Suppose d*l = b*l + 441. What is the tens digit of l?
4
Let t be 0/(20/5) - (0 - 1376). Let b be 4/(-9) + t/18. Suppose -3*k + 427 - b = 0. What is the hundreds digit of k?
1
Suppose 5*c = 2*c + 3141. Let g = -727 + c. What is the hundreds digit of g?
3
Let c(z) = -z**2 - z. Let u(l) be the third derivative of l**5/4 - l**4/8 + l**3/2 + 3*l**2. Let k(s) = 4*c(s) + u(s). What is the units digit of k(3)?
1
Let p be -44 - -38 - 20/(-2). Suppose -621 = p*u - 3421. What is the hundreds digit of u?
7
Let w(r) = 9*r**3 + 4*r**2 - 4*r - 70. What is the ten thousands digit of w(11)?
1
Let h = -46952 + 65781. What is the ten thousands digit of h?
1
Suppose -12*l - 26 = -62. Suppose -5*f + 4*p = -38, 2*f - 4*p - 15 - 5 = 0. Suppose 0 = m - z - 21, -m + l*z = f*z - 25. What is the units digit of m?
2
Suppose 0 = 3*d - 0*d + 5*m + 1, -d = m + 1. Let x be (-1 - -62) + 2 + d. Let k = x + 0. What is the tens digit of k?
6
Suppose -4*w = -5*o + 30, -4*o - 14 = -o + 4*w. Suppose -h = -o*a - 14, -5*a - 21 = h - 0*a. What is the units digit of h?
4
Let b(x) = x**3 - 50*x**2 + 102*x + 158. What is the thousands digit of b(64)?
4
Let b(w) = w**3 + 28*w**2 + 3*w - 113. What is the tens digit of b(-19)?
7
Suppose -4*k + 121 = -v, -3*k + 5*v = -6*k + 62. What is the tens digit of -1 - 0 - (k + -223)?
9
Let c(o) = -159*o**3 + 11*o**2 - 41*o + 6. What is the thousands digit of c(-4)?
0
Let m(j) = 6052*j**2 - 38*j + 33. What is the hundreds digit of m(1)?
0
Suppose 5*n + 16953 = -16*y + 20*y, 0 = 2*y - 4*n - 8484. What is the tens digit of y?
3
Let l be (-7 + 6)*-4 - -244. What is the units digit of 39*-1*l/(-12)?
6
Let g = 38 + -39. Let k be -2 + -1 + (-71 - (g + -2)). Let m = k - -122. What is the tens digit of m?
5
Let f(h) = h**2 - 19*h - 21. Let j be f(20). Let y be j - (-4 + (18 - 4)). Let z(d) = -d**3 - 10*d**2 - 8*d + 4. What is the units digit of z(y)?
3
Suppose -56 = -8*w + 136. What is the tens digit of (-3)/(-1) + (48 - w)?
2
Let t = -41 - -38. Let g be 531*((-1)/t + 0). Let r = g - 122. What is the units digit of r?
5
Suppose 1723 + 262 = -3*s - 5*k, -3*s = -4*k + 2030. Let q = -393 - s. Suppose -163 = -4*p + q. What is the hundreds digit of p?
1
What is the tens digit of ((-86009)/(-14) + 5)*18/27?
9
Suppose 2*q = -2*y + 14, -q + 12*y + 19 = 17*y. Suppose 0 = b - 0*b - q*g - 336, 5*g = b - 338. What is the hundreds digit of b?
3
Let v(l) be the second derivative of l**7/280 - l**6/240 - l**4/6 + 8*l. Let t(w) be the third derivative of v(w). What is the tens digit of t(-2)?
4
Let o(z) = -4*z + 55*z - 9*z - 19 - 17*z. Suppose 0 = -y - 4*g + 6 + 14, 16 = 4*g. What is the units digit of o(y)?
1
Let j(n) = -3*n + 24. Let m be j(7). Let a be (-2 - m) + (-5)/(-1). Suppose a = 3*i - 9*i + 42. What is the units digit of i?
7
Let p be ((-1)/(3/2))/((-12)/9846). Let x = 157 + p. What is the units digit of x?
4
What is the hundreds digit of 39110/25*6*10/12?
8
Let z = -225 + 522. Let w(v) = v**3 + 5*v**2 + 11*v + 37. Let o be w(-4). Suppose 405 = o*y - z. What is the tens digit of y?
7
Suppose 8*p - 26 - 46 = 0. Let f(z) = z**2 - 17*z + 19. Let a be f(p). Let q = a + 66. What is the units digit of q?
3
Suppose 0 = -p - 2*b + 1700, -2*p + 8522 = 3*p - b. What is the units digit of p?
4
Let c(d) be the third derivative of d**7/840 - 37*d**6/720 + d**5/30 + 10*d**2. Let i(j) be the third derivative of c(j). What is the tens digit of i(17)?
6
Let c(y) = -51*y - 3. Let h be c(-6). Let f = h - -335. What is the tens digit of f?
3
Let z = 247 - -431. Suppose 2*q - z = -4*u, u = -2*q - 0*q + 675. What is the hundreds digit of q?
3
Let d be -5 + ((-144)/3 - -3). Let a = d + 51. What is the units digit of ((-3)/(-4))/(a/188)?
1
Suppose 0 = 48*d - 610070 - 394954. What is the ten thousands digit of d?
2
Suppose 0 = j - 2*i - 52860, -i + 5*i + 264270 = 5*j. What is the hundreds digit of ((-40)/(-22) - 2) + j/275?
1
Suppose 0 = -5*a + 32 - 17. Suppose 5*i = p + 105, 5*i + 255 = -a*p - 100. Let n = p + 209. What is the tens digit of n?
9
Let l = 27067 - 13159. What is the ten thousands digit of l?
1
Suppose 152748 = 4*s - v, v - 103550 = -4*s + 49198. What is the ten thousands digit of s?
3
What is the ten thousands digit of (-24)/(-18) + (-66)/9 - (4 - 50047)?
5
Let l(u) = 8020*u**3 - 12*u**2 + 12*u - 1. What is the tens digit of l(1)?
1
Suppose -11*r + 12015 + 932 = 0. What is the tens digit of r?
7
Let q = -160 - -452. Let j = -177 + q. Suppose -j = -2*w - 5*y, 3*w + 3*y - 189 = y. What is the tens digit of w?
6
Let y = 129 + -87. Let g be (-5 + 2)/(9/y). What is t